6*b. What is the units digit of d(-1)?
1
Let f(m) be the second derivative of -2*m**3/3 + 30*m**2 - 4*m. Suppose -56 = -60*l + 62*l. What is the hundreds digit of f(l)?
1
Let s = 37 - 36. Let m be (s/1)/(2/(-16)). Let v(j) = -j**3 - 6*j**2 + 12*j + 13. What is the tens digit of v(m)?
4
Let l = -1172 - -776. Let v = 558 + l. What is the hundreds digit of v?
1
Let v(q) = 1778*q**2 + 59*q - 127. What is the tens digit of v(2)?
0
Suppose -5*m - 32 = 3. Let a = 9 + m. Suppose 0 = x - f - 3*f - 83, 5*x = -a*f + 349. What is the units digit of x?
1
Let q = 35 - 5. Suppose -7*k + 4*k + q = 0. What is the units digit of (-1 - 586/(-10)) + 4/k?
8
What is the tens digit of (87/174)/(3/80946)?
9
Let v(t) = 14*t**2 + 1. Let j be 0 + 0 + (-4 - (-3 - 0)). Let m = 2 - j. What is the hundreds digit of v(m)?
1
Suppose 47*m - 331*m - 480172 + 11528340 = 0. What is the hundreds digit of m?
9
Let i be -7 - -7 - (1 + -3). Suppose 2*s - i*b = 552, -5*b = 4*s - 763 - 368. Suppose 4*a - s = -5*j, 3*a + j + 2*j = 210. What is the tens digit of a?
7
Suppose 2*k - 3*q = -4*q - 15, -70 = 5*k - 4*q. Let x be (1 + 162/(-12))/(1/k). What is the units digit of (x/10)/(-5)*-12?
0
Suppose -22*o + 30*o = 488. Suppose s = -5*i + 2690, -5*i - o*s = -58*s - 2690. What is the tens digit of i?
3
Let s(v) = 5*v**2 - 8*v. Let m be s(4). Let d = 254 + m. Suppose 962 = 6*n + d. What is the units digit of n?
0
Suppose 64*z - 2*w - 11991 = 59*z, -4*z - w = -9598. Let l = -906 + z. What is the units digit of l?
3
Suppose 24 + 18 = 7*t. Let r(z) = -3*z**2 + 7*z + z**3 + 2*z**3 - t*z + 3. What is the units digit of r(3)?
0
Let i = 394 + -405. What is the tens digit of -2 + (17/(-3))/(i/2079)?
6
Suppose 0 = -5*q + 8*g - 10*g - 548, -q - 112 = g. Suppose -610 = -4*o - 3*w + w, 5*w = -15. Let z = o + q. What is the units digit of z?
6
Let m = -78535 - -119460. What is the tens digit of m?
2
Let q(b) = 13334*b + 826. What is the units digit of q(1)?
0
Suppose -10*v + 120 = -7*v. Suppose 0 = -5*r - 3*r + v. Suppose 0 = -r*i + 337 - 2. What is the units digit of i?
7
Let c(j) = 15*j**2 - 4*j + 9. Let q be c(2). Let t = q + 10. Let b = 116 - t. What is the tens digit of b?
4
Let s(o) be the first derivative of o**5/20 - 7*o**4/24 + 7*o**3/3 + 3*o**2/2 + 15. Let m(g) be the second derivative of s(g). What is the units digit of m(5)?
4
Let x = 77 - 82. Let c be 234/45 + 1/x. What is the tens digit of -2 + 375/c - 5?
6
Let r(m) = m**3 - 8*m**2 + 10*m - 6. Let l be r(7). Let f = 7078 - 7059. Suppose 0 = -f*i + l*i + 712. What is the hundreds digit of i?
1
Suppose -3*q = 5*w - 13411, 3*w - 9360 = -3*q + 4065. What is the units digit of q?
2
What is the hundreds digit of (420/175)/(2 - (1 - (-1547)/1550))?
2
Suppose -4*z - 5*g = -6*g - 11, g = 5*z - 13. Suppose -z*y - 21*y = -17503. What is the tens digit of y?
6
Let w(r) = 179*r**2 + 223*r - 2062. What is the units digit of w(9)?
4
Suppose -5*j = -0*n + 2*n - 85, -82 = -2*n - 2*j. Let p = 41 + -36. What is the tens digit of ((-1264)/n)/((-2)/p)?
7
Let d(i) = 6*i**3 + 8*i**2 + i + 10. Let b be d(6). What is the units digit of (2 + b)*(-48)/(-72)?
8
Let z = 2 - -7. Suppose -4*k - 2220 = -z*k. Suppose 10*c + 4 = k. What is the units digit of c?
4
Let l be 5 + -13 - 1*-4. What is the tens digit of ((-3354)/l)/3 + (-10)/(-20)?
8
Let m(k) = 29 - 41 + 55 + 34*k. Let h be m(11). Suppose -5*c - h = -8*c. What is the hundreds digit of c?
1
Suppose 28*g - 37*g + 27 = 0. Suppose -273 = -5*j - 2*w + 220, -g*w - 3 = 0. What is the tens digit of j?
9
Suppose 36*y + 145698 - 450119 = 23*y. What is the units digit of y?
7
What is the hundreds digit of 29878625/1225 - 2/(-14)*2?
3
Let b(l) = -78*l**3 - l**2 - l + 4. Suppose 85*a + 12 = 79*a. What is the tens digit of b(a)?
2
What is the hundreds digit of 753410/34 + 1418/(-12053)?
1
Let k = -4859 - -36967. What is the thousands digit of k?
2
Let c(s) = -2*s**3 + 2*s**2 - 1. Let p be c(-1). Suppose -p*k = -5*k + 12. Suppose -3*m - 159 = -k*m. What is the units digit of m?
3
Let f = 316 + -320. What is the tens digit of -9 + (0/f - -5) + 326?
2
Suppose -16411 = -5*a - 4*j, 29*a = 30*a - 3*j - 3286. What is the thousands digit of a?
3
Suppose -f + 2*u = -400, -5*f + 1337 = u - 707. What is the tens digit of f?
0
Suppose 21 = 5*q - 19. Suppose 8*o = 7*o + q. Let n(t) = 9*t + 37. What is the hundreds digit of n(o)?
1
Let h be (-8)/14 + 138/21. Suppose 0 = -a - 2*w + 488, 10*w - h*w = -5*a + 2470. What is the tens digit of a?
9
Let d(q) = -7*q - 186. Let l be d(-27). Suppose 5*w + 20 = 0, -7*h - 4*w + 4664 = -l*h. What is the tens digit of h?
7
Suppose -2 = 8*r - 7*r. What is the hundreds digit of r + 2508/10 - 8/10?
2
Let z be (4 + -2)/(2/12). Let i be (3 - 40/z)*(1 - 19). Suppose 14*p - i*p - 112 = 0. What is the tens digit of p?
1
Suppose -20*i = -31*i - 1100. What is the hundreds digit of (-83 - -86)*(i/(-3) - -2)?
1
Let a be 390/182 - (-2)/(-14). What is the tens digit of 492 + 1 + (5 + a - 11)?
8
Let n(m) = -165*m + 6075. What is the hundreds digit of n(19)?
9
What is the hundreds digit of -1848*(4/(-9) - (-20)/180)?
6
What is the tens digit of (1435/(-10) - 4)*-116?
1
Let o = -40 - -46. Suppose o*b = b + 5, 1415 = u + b. What is the units digit of u?
4
Suppose 12*x = 11*x + m - 633, 5*m = 3*x + 1903. Let i = 1112 + x. What is the tens digit of i?
8
Let c(x) = 106*x**3 - x**2 - x + 8. What is the units digit of c(3)?
8
Let x(s) = 26*s**2 - 184. What is the tens digit of x(12)?
6
Suppose 3*p - 58 = 2. Let w = p - 16. Suppose -4*i - t = -695, 0*i + 531 = 3*i + w*t. What is the units digit of i?
3
Let a(t) = 115*t**2 - 49*t + 25. What is the units digit of a(6)?
1
Let i(x) = x**3 - 10*x**2 + 6*x - 45. Let m be i(8). What is the thousands digit of (1 - m/(-15))/((-6)/873)?
1
Let m(n) = 10*n + 33. Let h(i) = i**3 + 6*i**2 - i + 5. Let b be h(-7). Let z = b + 55. What is the tens digit of m(z)?
1
Suppose 65 - 89 = 8*t, -3*t = 2*f - 42715. What is the thousands digit of f?
1
Let h be (57/9 - 5)/(8/18). What is the tens digit of (7 - 4)/(-2*h/(-336))?
6
Let m = 805 + 191. Suppose 8000 + m = 13*s. What is the tens digit of s?
9
Suppose -15*z + 2 = -88. Let c(p) = 72*p + 96. What is the hundreds digit of c(z)?
5
Let l = 33 + -29. Suppose 996 = 2*f - 8*a + 5*a, l*f + 2*a = 1992. What is the units digit of f?
8
Suppose -3*t = -3*n, -5*t + 7 + 5 = -2*n. Suppose 6*i + n - 16 = 0. What is the tens digit of i/10 + (-3432)/(-40)?
8
Let h(c) = -7*c + 45. Let n be h(6). Suppose -n*s + 3*d + 8 = 2*d, 2*d = 4*s - 10. What is the hundreds digit of -3 - -3 - (-2 + s)*-133?
1
Let q(g) = -2*g. Let m(s) = -42*s**2 + 11*s + 6. Let w(o) = -m(o) - 5*q(o). What is the tens digit of w(5)?
3
Let q be 2/9 - 140/63. Suppose 25 = 4*t - 71. What is the tens digit of 22/((44/t)/(-1) - q)?
3
Let s = 745 + 62. Suppose -4*y + 5*p + 3213 = 0, 0 = 8*y - 9*y + 5*p + s. What is the tens digit of y?
0
Let y(l) = 2*l**2 + 3*l + 2. Let t be y(-2). Suppose 0 = -k + i - 16, -8*k = -4*k + t*i + 104. What is the units digit of (-14)/k - (-325)/3?
9
What is the thousands digit of (60 + -52)/(((-4)/(-29544))/((-3)/(-9)))?
9
Let z(u) = -113 - 2 - 107 + 30 + 41*u. What is the tens digit of z(24)?
9
What is the hundreds digit of 4517/(((-77)/21)/(-11))?
5
Suppose 194 - 9856 = -2*l. Suppose l + 7600 = 31*v. What is the hundreds digit of v?
4
Let g = 19792 - -29662. What is the hundreds digit of g?
4
Let o be 2/((-1)/(2 - -3)). What is the units digit of (-806)/6*(o + -4 + 11)?
3
Let d be (-20)/3*(-5010)/(-25). Let x be 10/(-2 + 3)*d/(-20). What is the units digit of (-2)/(-12) + x/24?
8
Suppose 0 = -4*n - 2*p + 7*p + 15265, 0 = 2*n - 5*p - 7625. What is the tens digit of n?
2
Suppose -3*q = -s - 4*s + 308, 3*q + 338 = -s. What is the tens digit of (q/(-9))/((-10)/(-330))?
0
Suppose 10962 = 3*y - 2*i, 0 = -21*y + 16*y - 5*i + 18270. What is the units digit of y?
4
Let f = 153 - 141. Let v be 0*((-44)/f - -4) + 2. Suppose 0 = 4*r - 4*y - 1036, -y - 520 = -v*r - 0*r. What is the units digit of r?
1
Let u(j) = 16*j + 110. Let v be u(-5). Suppose -28*n - v = -2*a - 26*n, -3*n - 32 = -2*a. What is the tens digit of a?
1
Suppose 49*j - 4*r = 47*j + 13308, -3*r + 33348 = 5*j. What is the units digit of j?
6
Let r = 38 - 179. What is the units digit of (-9)/((-27)/(-2))*r/2?
7
Supp